Does 15 divide 1350885777?
False
Does 3921 divide 41158737?
True
Does 3171 divide 1719940887?
True
Is 17665536 a multiple of 124?
True
Is 140 a factor of 204424555?
False
Does 171 divide 28392108?
False
Is 17 a factor of 12554194?
True
Is 1063217754 a multiple of 18?
True
Does 915 divide 257046375?
True
Is 397957915 a multiple of 45?
False
Is 6263512 a multiple of 109?
False
Is 22 a factor of 1132064505?
False
Is 6 a factor of 8815830?
True
Does 15 divide 1182759000?
True
Is 791 a factor of 29119874?
True
Is 8 a factor of 4411841?
False
Does 11 divide 15030495?
False
Does 182 divide 18276435?
False
Does 189 divide 95208097?
False
Does 2379 divide 86740719?
True
Does 59 divide 19488172?
True
Does 7 divide 63553378?
True
Does 17 divide 2007261417?
True
Is 20633088 a multiple of 64?
True
Is 162557006 a multiple of 29?
True
Is 538720720 even?
True
Does 1051 divide 70902562?
True
Is 19368054 even?
True
Is 14 a factor of 2819588986?
False
Is 16 a factor of 1293702?
False
Is 3623327 a multiple of 113?
False
Is 19 a factor of 256961453?
True
Does 36 divide 10399536?
True
Is 346502170 a multiple of 21?
False
Is 1469 a factor of 141307641?
False
Does 11 divide 113124704?
True
Is 3276585603 a multiple of 71?
True
Does 32 divide 455802368?
True
Does 8 divide 1801155?
False
Does 1801 divide 284820946?
True
Is 52029770 a multiple of 1073?
True
Is 2419 a factor of 25583344?
True
Is 634026528 a multiple of 36?
True
Does 79 divide 14525685?
False
Is 5 a factor of 142555710?
True
Does 21 divide 15611148?
True
Is 68625893 even?
False
Is 26 a factor of 2842305674?
True
Is 62 a factor of 78520024?
True
Is 1206510 a multiple of 131?
True
Is 11 a factor of 16479056?
True
Does 1195 divide 43987950?
True
Is 1572720866 a multiple of 2969?
True
Is 541 a factor of 16205346?
False
Is 1634621168 a multiple of 11?
False
Is 23183182 a multiple of 22?
True
Is 192 a factor of 50331681?
False
Is 71736192 a multiple of 528?
True
Is 255918716 a multiple of 5?
False
Does 17 divide 96359447?
False
Is 291605502 a multiple of 38?
True
Is 51 a factor of 997972998?
True
Does 33 divide 5042381?
False
Is 11511045 a multiple of 117?
True
Does 388 divide 1393793973?
False
Is 22149078 a multiple of 135?
False
Is 984 a factor of 63657507?
False
Is 19019316 a multiple of 12?
True
Does 235 divide 252507522?
False
Is 45 a factor of 26125031?
False
Is 3866152776 a multiple of 119?
False
Is 4785310 a multiple of 46?
False
Is 11917307 a multiple of 11?
False
Is 36191010 a multiple of 6?
True
Is 66581199 a multiple of 4283?
False
Does 5 divide 48416760?
True
Is 2034 a factor of 530631954?
True
Is 631 a factor of 190281561?
False
Does 190 divide 13535458?
False
Is 618947370 a multiple of 3470?
True
Does 17 divide 1324944605?
False
Is 363750200 a multiple of 605?
True
Is 112407302 a multiple of 14?
True
Is 554 a factor of 18713698?
False
Does 128 divide 1193167616?
True
Is 2 a factor of 56058023?
False
Does 73 divide 2619217319?
False
Is 1444 a factor of 654770248?
True
Is 188940896 a multiple of 16?
True
Does 91 divide 1955226?
True
Is 60104367 a multiple of 17?
True
Is 4767376541 a multiple of 13?
False
Does 56 divide 6973922?
False
Is 102 a factor of 72242010?
True
Is 12 a factor of 42112560?
True
Is 2287 a factor of 395344542?
True
Is 152167136 a multiple of 748?
True
Is 1307387012 a multiple of 8?
False
Does 59 divide 151138384?
False
Does 1522 divide 331995382?
True
Does 534 divide 131625660?
True
Is 59916474 a multiple of 542?
True
Is 1420377427 a multiple of 1637?
True
Is 5145670214 a multiple of 3018?
False
Is 3751 a factor of 166694440?
True
Is 4843814220 a multiple of 6690?
True
Is 739110528 a multiple of 864?
True
Is 23 a factor of 511048776?
True
Is 1873 a factor of 2739076500?
False
Is 8454402 a multiple of 297?
True
Is 481468816 a multiple of 6307?
False
Does 294 divide 95576460?
True
Is 1753374660 a multiple of 20?
True
Is 66106932 a multiple of 14?
False
Is 12 a factor of 50206427?
False
Does 171 divide 47941720?
False
Is 368770115 a multiple of 152?
False
Is 1085 a factor of 2083111427?
False
Is 57 a factor of 1473384219?
False
Is 13 a factor of 828632302?
False
Does 36 divide 9959253?
False
Is 651 a factor of 271770395?
False
Is 20 a factor of 437637216?
False
Is 67 a factor of 12911972?
True
Is 31945546 a multiple of 5?
False
Is 789727312 a multiple of 970?
False
Does 447 divide 172495065?
True
Is 35 a factor of 19935139?
False
Does 18 divide 123306372?
True
Does 15 divide 80296035?
True
Does 38 divide 26033955?
False
Is 49 a factor of 642406322?
False
Does 3 divide 3861303?
True
Does 2 divide 39584058?
True
Does 22 divide 251118409?
False
Is 20 a factor of 127687238?
False
Is 1134344470 a multiple of 763?
True
Is 6268 a factor of 69178893?
False
Does 14 divide 361151742?
True
Is 419 a factor of 73328352?
True
Is 943519993 a multiple of 27?
False
Is 56336128 a multiple of 256?
True
Does 116 divide 13493927?
False
Does 624 divide 62101728?
True
Is 20 a factor of 64335357?
False
Is 329654480 a multiple of 81?
False
Does 34 divide 60990390?
True
Is 61353700 a multiple of 20?
True
Is 133 a factor of 18052755?
True
Is 9 a factor of 7015806?
True
Is 483983310 a multiple of 1262?
True
Does 502 divide 136396347?
False
Is 48621585 a multiple of 124?
False
Is 464 a factor of 56272992?
True
Is 1734359040 a multiple of 6528?
True
Is 12 a factor of 74923375?
False
Is 9 a factor of 38088585?
True
Is 25 a factor of 97373340?
False
Does 447 divide 72560169?
True
Does 449 divide 64200363?
False
Is 1460597394 a multiple of 1389?
True
Does 25 divide 917461975?
True
Is 6427134 a multiple of 882?
True
Does 477 divide 17014113?
True
Is 157 a factor of 14383804?
False
Is 24777962 a multiple of 11?
True
Is 451 a factor of 75395925?
True
Is 24259887 a multiple of 279?
True
Does 118 divide 58477919?
False
Is 1182888357 a multiple of 1120?
False
Is 45 a factor of 18586893?
False
Is 23 a factor of 33826924?
False
Is 143 a factor of 35171223?
False
Is 2416880280 a multiple of 372?
True
Is 36 a factor of 1935149?
False
Is 53 a factor of 21402696?
False
Does 240 divide 49589491?
False
Does 16 divide 85164308?
False
Is 29986348 a multiple of 158?
False
Is 36 a factor of 206890524?
True
Does 31 divide 771534456?
False
Is 382719166 a multiple of 1097?
True
Does 7 divide 442655651?
False
Is 935607875 a multiple of 833?
False
Does 38 divide 21264496?
True
Is 51 a factor of 1008376386?
True
Is 770542564 a multiple of 2864?
False
Does 4 divide 57635116?
True
Does 36 divide 480406127?
False
Is 329723296 a multiple of 315?
False
Is 7849 a factor of 195420205?
False
Is 223917525 a multiple of 925?
True
Is 37195665 a multiple of 61?
True
Is 173524185 a multiple of 45?
True
Does 1148 divide 443400940?
False
Does 22 divide 21478469?
False
Is 15 a factor of 6600860?
False
Does 136 divide 41726976?
True
Does 28 divide 44817518?
False
Does 20 divide 4463412?
False
Does 2597 divide 178909927?
True
Is 37 a factor of 34568286?
True
Does 42 divide 91838712?
True
Does 318 divide 85435179?
False
Is 171 a factor of 927828165?
False
Is 47934495 a multiple of 441?
True
Does 375 divide 15670125?
True
Is 1081 a factor of 1686921039?
True
Is 650 a factor of 1834509?
False
Is 866 a factor of 3428494?
True
Does 4 divide 21515889?
False
Is 4072320532 a multiple of 10043?
False
Is 10277263 a multiple of 2?
False
Does 21 divide 510648432?
True
Is 99712555 a multiple of 10?
False
Is 341466822 a multiple of 3?
True
Is 8187 a factor of 1520805551?
False
Does 1471 divide 3812716934?
False
Does 115 divide 627434010?
False
Is 151 a factor of 8258341?
True
Is 796 a factor of 25382722?
False
Does 9 divide 245362635?
True
Is 572 a factor of 68417492?
True
Is 77627781 a multiple of 99?
True
Does 116 divide 671689996?
True
Does 41 divide 35175499?
True
Is 165039340 a multiple of 69?
False
Is 101 a factor of 1500035?
False
Does 26 divide 75898983?
False
Is 9 a factor of 82622709?
True
Does 1739 divide 141775453?
True
Is 204298496 a multiple of 2411?
True
Is 245422962 a multiple of 1074?
True
Does 106 divide 45004102?
True
Does 255 divide 684953928?
False
Does 330 divide 360908149?
False
Is 43329752 a multiple of 8?
True
Does 2122 divide 450151818?
False
Is 2980 a factor of 175471625?
False
Is 404033340 a multiple of 111?
True
Is 212956438 a multiple 